 154 = 186. Calculate the highest common factor of i and u.
14
Let p be 10/((-10)/(-85) - 3/(-408)). Let f(k) = k + 32. Let g be f(0). Let b be -4*(-3)/(12/g). What is the highest common factor of b and p?
16
Suppose -39*d - 248 = -2*o - 38*d, -o + 121 = -2*d. What is the highest common factor of 5 and o?
5
Let t(o) = -o + 20. Let w(q) = q**3 + 6*q**2 - 10*q + 22. Let j be w(-8). Let f be t(j). What is the highest common factor of 2 and f?
2
Let g be 5 + (2 - 4) - 2. Let a be (8 - 7)*g/1. Let c be 1 + 0 + -2 - (-19 - a). What is the highest common divisor of c and 19?
19
Let q(i) = -2754*i - 690. Let a be q(-5). What is the greatest common divisor of a and 16?
8
Let a = -6 - -8. Let q be ((-44)/(-8))/((a/4)/1). Let z = 180 + -81. Calculate the greatest common factor of q and z.
11
Suppose -46*y + 1827 + 2667 = -4200. Let q(g) = -3*g**2 - 2*g + 2*g**3 - 2 - 3*g**3 - 1. Let k be q(-4). What is the greatest common divisor of y and k?
21
Let s be -10*((-126)/6 + -5). Suppose -3*t + 329 - s = 0. What is the highest common factor of t and 69?
23
Suppose 0*u = -3*u + 27. Suppose 111 = -6*p + u*p. Let b be (-366)/(-10) - 4/(-10). What is the greatest common factor of b and p?
37
Suppose -2*h + 5*b = -108, 0 = 9*h - 5*h + 5*b - 156. Calculate the highest common factor of 517 and h.
11
Suppose -2*d = -3*s - 629, 45*d + 1234 = 49*d + 2*s. Calculate the highest common factor of d and 4495.
155
Suppose -34*r - 21856 + 82036 = 0. Calculate the highest common factor of r and 420.
30
Let g(y) = 4*y**2 - 6*y - 3. Let z be g(-3). Let d = -25 + z. Suppose -24*k + d*k = 50. What is the greatest common factor of 10 and k?
5
Let i(z) = -11*z + 43. Let p be i(3). Let j = 177 + -162. Calculate the greatest common factor of j and p.
5
Suppose 15*j - 577 = -82. Suppose -r + j = 5*s, -5*r + 19 = 2*s - 31. Let g be ((-4)/r)/((-3)/(8 + -2)). What is the highest common divisor of g and 1?
1
Suppose 0 = -5*q - 29 + 9. Let r = 11 + q. Suppose -228 = -2*t + 127*b - 132*b, 0 = -5*t + 4*b + 603. What is the highest common divisor of r and t?
7
Suppose 152*b + 81 = 179*b. What is the highest common divisor of 1047 and b?
3
Suppose -2*f - 69 = 3*l - 374, -f + 415 = 4*l. What is the highest common factor of 51 and l?
3
Suppose -10*d + 120 = 2*d. Suppose -y - d = -309. Calculate the highest common factor of 13 and y.
13
Let v(h) = -h**2 - h + 36. Let b be v(0). Suppose -23 = -5*u - y + 4, 5*u = 2*y + b. Suppose 221 = u*m - 43. What is the highest common divisor of m and 66?
22
Suppose -14*w + 1579 + 995 = 110. Calculate the highest common divisor of 308 and w.
44
Let x(i) = -i**2 + 13*i + 4. Let l be x(12). Suppose 4*z = -20, 3*f - 2*f + 4*z - l = 0. Calculate the highest common factor of f and 24.
12
Suppose -13 = -14*i - 27. Let u be 2 + (i - -6) - (-1 - 2). Suppose 4*t = -12, 0 = -4*o - 0*t + 4*t + 332. Calculate the greatest common divisor of o and u.
10
Let p = -236 + 241. Suppose -3*h = -2*h + x - 34, -3*h + p*x + 102 = 0. Calculate the greatest common factor of 102 and h.
34
Let z = -39 - -119. Suppose 3*j - 8 = -2*p, p - 4 = -j - 0. Suppose -2*y - p*y + 60 = 0. Calculate the highest common divisor of y and z.
10
Let k be (36/60)/(6/2330). Let o = k - -62. Calculate the highest common divisor of o and 10.
5
Suppose 40*m - 145*m = -1785. What is the highest common divisor of m and 11611?
17
Let p = -2629 + 2716. What is the greatest common divisor of 464 and p?
29
Let w be 40/15 + 4/(-6). Suppose -4*u + 366 = -w*f, -90 = -u - 0*u + 2*f. Let x = u + -8. Calculate the greatest common factor of x and 24.
12
Let z(g) = 3*g**2 + 85*g + 188. Let r be z(-26). What is the highest common divisor of 62 and r?
2
Let h = -386 + -2164. Let y = -1439 - h. What is the greatest common divisor of y and 11?
11
Let f = -3407 - -3449. Suppose j - 86 = -23. What is the highest common factor of f and j?
21
Let t be 1*-5 + 0/(-7). Let o(u) = u + 7. Let i be o(t). Let z(v) = 2*v**3 - 87*v**2 + 125*v + 52. Let h be z(42). What is the highest common factor of h and i?
2
Suppose -2*g - 29*b + 28*b = -122, 2*g = 2*b + 116. Let l(q) = -2*q**3 + 3*q**2 + q. Let k be l(-5). Calculate the greatest common factor of k and g.
20
Let k(q) = 3*q**2 - 56*q - 44. Let a be k(22). Suppose 0 = 3*b - 7 - 26. Calculate the highest common divisor of b and a.
11
Let q(i) = i**3 - 23*i**2 + 24. Let u(h) = h**3 - 22*h**2 + 26. Let k(a) = 6*q(a) - 5*u(a). Let l be k(28). What is the highest common factor of 28 and l?
14
Suppose -8*a + 100 + 60 = 0. Suppose 5*t + 0 = a. Suppose -t*w + 2*r = -15 - 245, 173 = 3*w + 4*r. Calculate the greatest common factor of w and 21.
21
Suppose -32*r = -23*r - 594. What is the highest common divisor of 1749 and r?
33
Let u be 62/1 + 0 + -2. Let c(m) = 73*m**2 - 81*m + 48. Let q be c(1). What is the greatest common divisor of u and q?
20
Let i be 4/12*5858 - 40/60. What is the greatest common factor of i and 305?
61
Suppose -45*l = -730922 - 1509136 + 147018. What is the greatest common factor of 17 and l?
17
Suppose 0 = 5*c - 5*w - 235, -34*c - w + 217 = -29*c. What is the highest common divisor of 165 and c?
11
Let f be 1220/25*3*(-35)/(-42). What is the highest common divisor of f and 1891?
61
Let p(m) = -4*m**2 - 87*m - 22. Let k be p(-21). Let y be 96/288 - k*1/(-3). Calculate the highest common divisor of 77 and y.
7
Let n = -1092 - -1140. What is the greatest common factor of 432 and n?
48
Let d be -1 + -1 + 30/34*(-2754)/(-162). What is the highest common factor of 8203 and d?
13
Let b be (-2 + (-3)/(-1))/(-1)*0. Suppose -4*j = -4*c + 94 + 58, -c - j + 44 = b. Calculate the greatest common divisor of 123 and c.
41
Suppose -2571 = -29*a - 570. Suppose 71*s = a*s + 204. What is the greatest common factor of s and 68?
34
Suppose 9*t = 233 - 215. Suppose -5*m + 17 = t*i - 121, -4*m + 345 = 5*i. Calculate the greatest common factor of i and 3.
3
Suppose -935 = 3*w - 8*w. Suppose 0 = -275*v + 82*v + 6562. Calculate the greatest common factor of v and w.
17
Let v(w) = -w**3 + 15*w**2 + w + 11. Let m be v(7). Let a be -4*((-4)/16*30 + 5). Calculate the greatest common divisor of m and a.
10
Suppose -22*w + 803 + 781 = 0. What is the greatest common divisor of 1704 and w?
24
Suppose 2307 = 2*i - v, -47*v = -50*v + 9. What is the highest common factor of 525 and i?
105
Suppose -4*g - 7 + 3 = 4*p, -4*p = -2*g - 2. Let s be 16 + p/(-1) + -2. Suppose -x = x - s. Calculate the greatest common factor of x and 7.
7
Suppose -19 = -d + 71. Suppose 14*y - 9*y = d. Let b(i) = -i + 41. Let q be b(y). What is the highest common divisor of 184 and q?
23
Let a be 0 - -2*21/6. Suppose -w + 31 = 4*g, 3*g - 19 = -3*w - a. Let b be (-3 - (-24)/g)*-54. What is the highest common factor of 2 and b?
2
Suppose -358278*p + 2408 = -358222*p. Let w(m) = 5*m**2 - 6*m - 1. Let x be w(-6). What is the greatest common factor of x and p?
43
Suppose -75*d + 64508 = 2*y - 78*d, -4*y + 4*d + 129000 = 0. What is the highest common factor of y and 98?
98
Let v = -605 + 956. Let p be 31 - ((-35)/(-8) - 216/576). Calculate the highest common divisor of v and p.
27
Let s be 14/(-4)*(152164/(-48) - 8/(-96)). Calculate the highest common divisor of 35 and s.
35
Suppose -121*s - 8645 = -105687. What is the highest common factor of 1 and s?
1
Let b = -8823 - -8844. Calculate the highest common divisor of 4494 and b.
21
Let x = 50 - 46. Let h(y) = -19*y + y - 14*y - x. Let g be h(-1). Calculate the highest common divisor of 42 and g.
14
Let t be (-2)/((2/(-12)*-3)/(-4)). Suppose 3*m - 359 = 646. Let o = -191 + m. What is the greatest common factor of t and o?
16
Let a be 4 + (-2 - -1)/(-1). Suppose -2*q + 144 = -2*v, q + 2*q - 236 = -2*v. Suppose -79*o + 60 = -q*o. Calculate the highest common divisor of o and a.
5
Suppose 47*f - 24*f - 1120392 = -110*f. Calculate the greatest common factor of 780 and f.
156
Suppose -178 = -3*y + l, -3*y = -38*l + 36*l - 182. Calculate the highest common factor of 4959 and y.
29
Let o(a) = -a**3 + 14*a**2 + 12*a + 43. Let n be o(12). Let x = -467 + n. Calculate the greatest common divisor of x and 40.
8
Suppose -4658 = -3*b - 2*y - 2*y, -b = 5*y - 1549. What is the greatest common factor of b and 126?
42
Let d(h) = 2*h**2 + 18*h + 15. Let t be d(11). Suppose 0 = 3*x - t - 10. Suppose 4*i - x = -i. 